-5*m + 277 = -p - 0*p, 3*p = 5*m - 271. Let i = m + -24. What is the units digit of i?
2
Let h = -5 - 3. Let q(d) = d**3 + 8*d**2 - d - 8. Let k be q(h). Suppose t - 2*t + 1 = k. What is the units digit of t?
1
Let q = 3 + -3. Suppose 0 = -q*i + 3*i. Suppose i*d = d - 10. What is the tens digit of d?
1
Let j(o) = 22*o + 6. Let s = -24 - -26. What is the tens digit of j(s)?
5
Let a(z) be the third derivative of z**5/30 + 7*z**4/24 + z**3/2 - z**2. Let c be a(-6). Let j = c - 20. What is the units digit of j?
3
Let x(u) = -4*u + 3. Let v be x(4). Let j(a) = 11*a. Let y be j(2). Let h = y + v. What is the units digit of h?
9
Let i(s) = -2*s**2 - 14*s + 10. What is the tens digit of i(-7)?
1
What is the units digit of (-429)/(((-75)/(-20))/5*-2)?
6
What is the units digit of (-5)/(20/21)*(-112)/6?
8
Suppose -4*v + 0*v = -8. Suppose v*o = o + 6. Suppose -2*f = 5*w - 29, o*w - w - 17 = -f. What is the units digit of f?
2
Let t = 137 + -75. What is the units digit of t?
2
Let r(f) = f**3 + 10*f**2 + 9*f + 3. Let o be r(-9). Suppose -30 = o*a - 8*a. What is the units digit of a?
6
Let b be 2/(-11) + 246/22. Let f = 20 - b. What is the units digit of f?
9
Let z(u) = u**3 - 2*u**2 - 3*u - 3. Let d be z(3). What is the tens digit of -2 + 1 - (-10 + d)?
1
Suppose 0 = -w - 4*j + 76, -2*w - 5*j - 4 + 156 = 0. Suppose -2*s = 3*g + 2*g - w, 0 = 4*g - 2*s - 50. What is the units digit of g?
4
Let k(u) be the second derivative of u**3/6 - u. Suppose 6*j - 50 = j + 5*h, 6 = -3*h. What is the units digit of k(j)?
8
Let n be (0 - -1) + (-1)/(-1). Suppose f - 7 = -0*f + 2*k, 0 = 4*f - n*k - 10. What is the units digit of (66/6)/(0 + f)?
1
Suppose 7*s - 111 = 750. What is the tens digit of s?
2
Suppose -670 = -30*z + 25*z. What is the tens digit of z?
3
Let x(p) = p**3 - 5*p**2 + 6*p - 6. Let d be x(4). Let h be 7/((-3)/d + 2). Suppose -3*b - h = -5*b. What is the units digit of b?
7
Let s be 20/(-6) - 2/(-6). Suppose 3*n - 144 = 252. What is the units digit of n/20 + s/5?
6
Let g(w) = -w - 4. Suppose 3*b = 5*y + 8, 2*b + 2*y + 4 = 3*y. Let n be g(b). Suppose -c + 2*c - 6 = n. What is the units digit of c?
6
Suppose 0 = -4*f + f + 54. What is the units digit of f?
8
Suppose 0 = -5*v - 0*v + 20. Suppose -5*d - 5*o + 2*o = -14, -5*o = 3*d - 2. Suppose d*s + v = -3*z - z, 0 = -2*z - 3*s - 4. What is the units digit of z?
1
Let a(v) = -66*v**3 - v**2 - 2*v - 1. What is the units digit of a(-1)?
6
Suppose 250 = 5*l - q, 7*q - 2*q = 3*l - 150. Suppose -5*d = -o - 11, -7*o = -2*o - 4*d - l. What is the units digit of o?
4
Suppose 8*y - 3*y = 575. Suppose -4*z - 23 = -y. What is the units digit of z?
3
Let v(i) be the third derivative of 7*i**6/120 + i**4/24 - i**3/6 - 2*i**2. Let a(r) be the first derivative of v(r). What is the units digit of a(1)?
2
What is the hundreds digit of (68/12 + -5)*159?
1
Let h(b) = 3*b**2 - 2. What is the tens digit of h(3)?
2
Let w be ((-2)/(-3))/(4/24). Let u = -4 + 8. Suppose u*t + 5*h - w = -0, 4*t - h = 4. What is the units digit of t?
1
Let n(l) = l**2 - 2*l + 2. Let a = -1 - -3. What is the units digit of n(a)?
2
Suppose t + t - 32 = 0. Let f = -4 + t. What is the units digit of f?
2
Let g be -4*(-4 - 3/(-1)). Suppose g*i - 24 = 20. What is the units digit of i?
1
Let u(r) = -3*r - 2. Suppose -4*x - 8 = -2*x. What is the tens digit of u(x)?
1
Suppose 3*k + 5*p = p + 31, 2*k = -5*p + 30. Suppose 0 = -4*h + h - 3. Let a = k - h. What is the units digit of a?
6
Let b = 4 + -1. Suppose 0 = -b*j - j + 80. Suppose -2*t + 2*a = -16, 3*t = -3*a + 4*a + j. What is the units digit of t?
6
Let k = -68 + 127. Suppose -3*q + 5 = k. Let g = q - -31. What is the tens digit of g?
1
Let x(w) = w**2 + w - 1. Let p be x(1). What is the units digit of p/(-3) - (-12)/9?
1
Let x(u) = -u**2 + 11*u - 8. What is the units digit of x(8)?
6
Let x(s) = s**2 - 4*s - 4. What is the units digit of x(-2)?
8
Let h(q) = -q + 2. Let f(w) be the second derivative of w**3/6 + w**2/2 + w. Let u be f(-3). What is the units digit of h(u)?
4
Let u(d) = 4*d**2 + d - 1. What is the units digit of u(3)?
8
Let s = -23 - -41. Let j = s + -13. Suppose -4*g + 4*w + 20 = 0, -4*g + 4*w = j*w - 45. What is the tens digit of g?
1
Suppose -2*l - 12 = -6*l. Suppose -4*u + c = 61, 4*u - 12 = 5*u + l*c. What is the units digit of 80/u*6/(-4)?
8
Let o(b) = -b**3 - 5*b**2 + 5*b - 2. Let s(r) = r - 1. Let l be s(8). Suppose -3*m = l + 11. What is the units digit of o(m)?
4
Suppose 0*x + 16 = x. What is the units digit of x?
6
Let g(m) = m. Let y be -3 - 0 - (0 + 0). Let a be g(y). What is the units digit of ((-25)/a)/5*3?
5
Suppose -4*n = -2*a - 4, -4*a + 3 + 9 = 2*n. Suppose a*b - 5*b + 54 = 0. What is the tens digit of b?
1
Suppose 966 = -k - 2*k. What is the units digit of 1/(-5) - k/35?
9
What is the tens digit of (-6)/(-18) - (-1780)/6?
9
Suppose 4*s - 114 = -38. What is the units digit of s?
9
Let u be (7 + -2)/(1 - 0). Suppose -17 - 128 = -u*x. What is the tens digit of x?
2
Suppose 5*u - k - 77 = 0, 3*u - 2*k = -u + 58. Suppose u = f - 8. What is the units digit of f?
4
Let r = 423 + -301. What is the units digit of r?
2
Suppose 5*n = -4*d + 141, n = -1 + 6. Let w = 40 - d. What is the tens digit of w?
1
Suppose -3*x + 9 = 3. What is the units digit of ((-18)/(-21))/(x/28)?
2
What is the tens digit of (90/(-5))/((-4)/10)?
4
Let q be 1 - 2 - -1 - -3. Suppose -25 = -q*y + 29. What is the units digit of y?
8
Suppose -35 = 6*j - 11*j. What is the units digit of j?
7
Suppose 73 = 6*r - 5. What is the units digit of r?
3
Let w = 43 - 24. Suppose 2*o = w + 15. What is the tens digit of o?
1
Let k(f) be the second derivative of -f**4/12 - f**3/2 - f**2 + 2*f. Let i(w) = 2*w**2 + 7*w + 3. Let j(b) = -2*i(b) - 5*k(b). What is the units digit of j(0)?
4
Let t = 0 - -6. Suppose -2*g = -t*g + 8. What is the units digit of g?
2
Suppose 6*m = 10*m - 36. What is the units digit of m?
9
Let o(p) = 3*p - 3. Let d be o(4). What is the tens digit of 1/3 - (-132)/d?
1
What is the units digit of -2 + -2 + 0 + 29?
5
Let x(s) = s - 1. Let l be x(3). Suppose r - 47 = -l*r - y, -37 = -2*r + 5*y. What is the tens digit of r?
1
Let f = 400 + -281. What is the hundreds digit of f?
1
Let o(a) = -5*a - 5. Let v be o(5). Let t = v + 20. What is the units digit of -3 - t - (-4)/(-2)?
5
Let k = 10 + 50. What is the tens digit of k?
6
Let h = 20 - -124. What is the tens digit of h?
4
Let v = -11 - -15. What is the units digit of v?
4
Let n = -3 - -27. Suppose f = -12 + n. What is the units digit of f?
2
Let g = -32 + 9. Let f be 6/(4 - 1) - g. Suppose -2*x + 18 = s, 2*s - s = -3*x + f. What is the units digit of x?
7
Let s(i) = -i**2 - 7*i + 11. Let o be s(-8). Suppose -5*x = o*a - 65, 2*a = -0*a + 4*x + 80. What is the tens digit of a?
3
Let l(k) = -k**3 - k**2 + k + 1. Suppose 0 = -t + 5*t + 12. What is the tens digit of l(t)?
1
Let g be -4 + 10 + 0/(-2). Suppose -a - 40 = -g*a. What is the units digit of a?
8
Let l(g) = -g**2 + 7*g - 7. Let d be l(5). Suppose -8*u - 10 = -d*u + 5*a, -4*u = -a + 8. What is the units digit of -5 + 19 + 5 + u?
7
Let w = -121 - -210. What is the tens digit of w?
8
Let k be ((-1)/((-2)/30))/(-1). Let y = k - -20. What is the units digit of y?
5
Let p = 193 + -122. Let r = p + -27. What is the tens digit of (2 - 5)*r/(-12)?
1
Suppose 2*u + 6 = -0. Let r = 9 + u. What is the units digit of r?
6
Let f(a) = -a**3 - 5*a**2 - a - 5. Let k be f(-5). Suppose 2*i + k = 6. Suppose -i*s + 33 = -18. What is the units digit of s?
7
What is the hundreds digit of ((72*1)/(-6))/(4/(-46))?
1
Suppose -3*v - 2*h - 7 = -6*h, 5*v + 3*h = -31. What is the units digit of (3/v)/((-5)/75)?
9
Let a(g) = -g**3 - 4*g**2 + 6*g + 27. What is the tens digit of a(-5)?
2
Let t(g) = g**2 - 5*g - 8. Let k be t(7). Let u(v) be the third derivative of v**6/120 - v**5/10 + v**4/24 - v**3/6 + 2*v**2. What is the units digit of u(k)?
5
Let s(n) = -13*n - 3. Let i be s(-3). Suppose -2*d + 4*d = i. What is the units digit of d?
8
Let h(g) = g**3 - g**2 - g. Let z be h(0). Suppose 4*r - 18 = 2*r + 3*i, -3*r - 3*i + 57 = z. Suppose o = -2*o + r. What is the units digit of o?
5
Let n(u) = 3*u**2 - u - 1. Let c be n(-1). Suppose -16 = 3*g - 5*g. Suppose c*a - g = -a. What is the units digit of a?
2
Suppose 3*d + 12 = 0, -d + 68 =